{"id":3402,"date":"2015-09-04T13:39:54","date_gmt":"2015-09-04T12:39:54","guid":{"rendered":"http:\/\/ducac.ipu.hr\/project\/?page_id=3402"},"modified":"2017-10-18T17:27:39","modified_gmt":"2017-10-18T16:27:39","slug":"bibliography","status":"publish","type":"page","link":"https:\/\/ducac.ipu.hr\/project\/data\/bibliography\/","title":{"rendered":"bibliography"},"content":{"rendered":"<h5>BIBLIOGRAPHY<\/h5>\n<p>Please note that the aim of the project is not to establish the full bibliography of all related scholarly literature.<\/p>\n<h5><span lang=\"en-GB\">academic publications in which the references to the relevant deliberations are mentioned or their texts partially or fully transcribed<\/span><\/h5>\n<p><strong>Beriti\u0107 1955<\/strong><br \/>\nBeriti\u0107 1955Luk\u0161a Beriti\u0107, Utvr\u0111enja grada Dubrovnika, Zagreb: JAZU, 1955 [drugo izdanje \/ second edition Dubrovnik: Dru\u0161tvo prijatelja dubrova\u010dke starine, 1989]\n<strong>Beriti\u0107 1956<\/strong><br \/>\nLuk\u0161a Beriti\u0107, Ubikacija nestalih gra\u0111evinskih spomenika u Dubrovniku I, Prilozi povijesti umjetnosti u Dalmaciji 10 (1956.), 15-83<br \/>\n<strong>Beriti\u0107 1958<\/strong><br \/>\nLuk\u0161a Beriti\u0107, Urbanisti\u010dki razvitak Dubrovnika, Zagreb: Zavod za arhitekturu i urbanizam Instituta za likovne umjetnosti JAZU, 1958\u00a0 See map at:\u00a0<a href=\"http:\/\/ducac.ipu.hr\/project\/wp-content\/uploads\/Beritic_1958.pdf\">Beritic_1958<\/a><br \/>\n<strong>D&#8217;Atri 2008<\/strong><br \/>\nStefano D&#8217;Atri, Adi 2 di marzo 1590 porta fornita. Rupe, il granaio di Ragusa (Dubrovnik), M\u00e9langes de l&#8217;\u00c9cole fran\u00e7aise de Rome Italie 120\/2 (2008.), 569-580<br \/>\n<strong>Fiskovi\u0107 1947a<\/strong><br \/>\nCvito Fiskovi\u0107, Dokumenti o radu na\u0161ih graditelja i klesara XV.-XVI. stolje\u0107a u Dubrovniku, Prilozi povijesti umjetnosti u Dalmaciji 3\/1 (1947.), 3-26<br \/>\n<strong>Fiskovi\u0107 1947b<\/strong><br \/>\nCvito Fiskovi\u0107, Na\u0161i graditelji i kipari XV. i XVI. stolje\u0107a u Dubrovniku, Zagreb: Matica hrvatska, 1947.<br \/>\n<strong>Folnesics 1914<\/strong><br \/>\nHans Folnesics, Studien zur Entwicklungsgeschichte der Architektur und Plastik des XV. Jahrhunderts in Dalmatien. Jahrbuch des Kunsthistorischen Institute der K. K. Zentral-Komission f\u00fcr Denkmalpflege, Wien: Kunstverlag Anton Schroll &amp; Co. 1914.<br \/>\n<span style=\"font-size: 1em;\"><strong>Gruji\u0107 2008<\/strong><br \/>\nNada Gruji\u0107, Onofrio di Giordano della Cava i Kne\u017eev dvor u Dubrovniku, Renesansa i renesanse u umjetnosti Hrvatske, ur. \/ eds. Predrag Markovi\u0107, Jasenka Gudelj, Institut za povijest umjetnosti, Zagreb 2008., 9-50<br \/>\n<\/span><strong>Gruji\u0107, Zeli\u0107 2010<\/strong><br \/>\nNada Gruji\u0107, Danko Zeli\u0107, Pala\u010da vojvode Sandalja Hrani\u0107a u Dubrovniku, Anali Zavoda za povijesne znanosti HAZU u Dubrovniku 48 (2010), 47-132; published in English as: The Palace of Duke Sandalj Hrani\u0107 in Dubrovnik, Dubrovnik Annals 15 (2011.), 7-66<br \/>\n<strong>Gruji\u0107 2013<\/strong><br \/>\nNada Gruji\u0107, Ku\u0107a u Gradu. Studije o dubrova\u010dkoj stambenoj arhitekturi 15. i 16. stolje\u0107a, Dubrovnik: Matica hrvatska, 2013.<br \/>\n<strong>Gruji\u0107 2016<\/strong><br \/>\nNada Gruji\u0107, Arhitektura Kne\u017eeva dvora u srednjem vijeku: od utvrde do pala\u010de, Kne\u017eev dvor u Dubrovniku: Utvrda \u2013 Pala\u010da \u2013 Muzej, katalog izlo\u017ebe \/ exhibition catalogue, ur. \/ ed. Pavica Vila\u0107, Dubrova\u010dki muzeji, Dubrovnik 2016., 8-31<br \/>\n<strong>Janekovi\u0107-R\u00f6mer 1999<\/strong><br \/>\nZdenka Janekovi\u0107-R\u00f6mer, Okvir slobode. Dubrova\u010dka vlastela izme\u0111u srednjovjekovlja i humanizma, Zavod za povijesne znanosti Hrvatske akademije znanosti i umjetnosti u Dubrovniku, Zagreb \u2013 Dubrovnik, 1999.<br \/>\n<strong>Janekovi\u0107-R\u00f6mer 2003<\/strong><br \/>\nZdenka Janekovi\u0107-R\u00f6mer, Nasilje zakona: Gradska vlast i privatni \u017eivot u kasnosrednjovjekovnom i ranonovovjekovnom Dubrovniku, Anali Zavoda za povijesne znanosti HAZU u Dubrovniku 41 (2003), 9-44<br \/>\n<strong>Jeremi\u0107, Tadi\u0107 1940<\/strong><br \/>\nRisto Jeremi\u0107, Jorjo Tadi\u0107, Additamenta ad historiam culturae Ragusii antiqui sanitariae III, Belgradi: Bibliotheca Instituti centralis hygiaenici, 1940.<br \/>\n<strong>Kralj-Brassard 2012<\/strong><br \/>\nRina Kralj-Brassard, Pozornice milosr\u0111a: Smje\u0161taj zgrada dubrova\u010dkog nahodi\u0161ta (1432-1927), Anali Zavoda za povijesne znanosti HAZU u Dubrovniku 50 (2012), 39-62<br \/>\n<em>Liber viridis<\/em><br \/>\nBranislav M. Nedeljkovi\u0107, Liber viridis, Srpska akademija znanosti i umetnosti. Zbornik za istoriju, jezik i knji\u017eevnost srpskog naroda, III odeljenje, knjiga XXII, Beograd 1984.<br \/>\n<strong>Miti\u0107 1962-1963<\/strong><br \/>\nIlija Miti\u0107, Orlandov stup u Dubrovniku, Anali Historijskog instituta JAZU u Dubrovniku 10-11 (1962-1963), 233-254<br \/>\n<strong>Novak Klemen\u010di\u010d 2003<\/strong><br \/>\nRenata Novak Klemen\u010di\u010d, Dubrovni\u0161ka Velika fontana, Zbornik za umetnostno zgodovino (Nova vrsta) 39 (2003.), 51-91<br \/>\n<strong>Novak Klemen\u010di\u010d 2005<\/strong><br \/>\nRenata Novak Klemen\u010di\u010d, Kiparski ukras Kne\u017eeva dvora u Dubrovniku u 15. stolje\u0107u &#8211; nekoliko priloga, Prilozi povijesti umjetnosti u Dalmaciji 39 (2005.), 269-302<br \/>\n<strong>Novak Klemen\u010di\u010d 2011<\/strong><br \/>\nRenata Novak Klemen\u010di\u010d, Cerkev sv. Vlaha v Dubrovniku v dvajsetih letih 15. stoletja in Bonino di Jacopo da Milano, Zbornik za umetnostno zgodovino (Nova vrsta) 47 (2011.), 60-74<br \/>\n<strong>Novak Klemen\u010di\u010d 2014<\/strong><br \/>\nRenata Novak Klemen\u010di\u010d, Obnova spomenikov v Dubrovniku v prvi polovici 15. stoletja, Arhitekturna zgodovina 2, (eds.) Renata Novak Klemen\u010di\u0107, Martina Male\u0161i\u010d, Ljubljana: Univerza v Ljubljani, Filozofska fakulteta, 2014, 8-17<br \/>\n<strong>Rudi\u0107 2008<\/strong><br \/>\nSr\u0111an Rudi\u0107, O ku\u0107i Hrvoja Vuk\u010di\u0107a Hrvatini\u0107a u Dubrovniku, Historijski \u010dasopis LVI (2008) 353-369<br \/>\n<strong>Seferovi\u0107, Stojan 2006<\/strong><br \/>\nRelja Seferovi\u0107, Mara Stojan, \u010cudo vode: Prolegomena za ranorenesansni vodovod u Dubrovniku, Anali Zavoda za povijesne znanosti HAZU u Dubrovniku 44 (2006), 95-137<\/p>\n<h5>academic publicaions (with the abovementioned) used for mapping<\/h5>\n<p><strong>Libri domorum<br \/>\n<\/strong>Irena Benyovsky Latin, Danko Zeli\u0107, Knjige nekretnina dubrova\u010dke op\u0107ine (13.-18. st.) &#8211; Libri domorum et terrenorum communis Ragusii deliberatis ad affictum (seac. XIII-XVIII) I, Zagreb &#8211; Dubrovnik 2007<br \/>\n<strong>Pekovi\u0107 1998<\/strong><br \/>\n\u017deljko Pekovi\u0107, Dubrovnik: Nastanak i razvoj srednjovjekovnoga grada, Split, 1998<strong><br \/>\nRudi\u0107 2008<\/strong><br \/>\nSr\u0111an Rudi\u0107, O ku\u0107i Hrvoja Vuk\u010di\u0107a Hrvatini\u0107a u Dubrovniku, Historijski \u010dasopis LVI (2008) 353-369<\/p>\n<h5>other academic publications quoted on website<\/h5>\n<p><strong>Gruji\u0107 1995<\/strong><br \/>\nNada Gruji\u0107, Ku\u0107a \u00bbsavr\u0161enog trgovca\u00ab po Benediktu Kotruljevi\u0107u, Dubrovnik 6 (1995), 4, \u00a0198-212<br \/>\n<strong>Gruji\u0107 2006<br \/>\n<\/strong>Nada Gruji\u0107, Benedikt Kotruljevi\u0107 o vili, Kultura ladanja [Zbornik \u00bbDana Cvita Fiskovi\u0107a\u00ab I], (ur.) Nada Gruji\u0107, Zagreb, 2006, 41-50<br \/>\n<strong>Gruji\u0107 2012<br \/>\n<\/strong>Nada Gruji\u0107, Studio u dubrova\u010dkim ku\u0107ama prve polovice 15. stolje\u0107a, Radovi Instituta za povijest umjetnosti 36 (2012), 43-52<br \/>\n<strong>Principe 1991<\/strong><br \/>\nIlario Principe, Tri neobjavljene karte Dubrovnika iz XVI.- XVII. st., Dubrovnik 1 (1991), 191-202<\/p>\n<p>&nbsp;<\/p>\n","protected":false},"excerpt":{"rendered":"<p>BIBLIOGRAPHY Please note that the aim of the project is not to establish the full bibliography of all related scholarly literature. academic publications in which the references to the relevant deliberations are mentioned or their texts partially or fully transcribed Beriti\u0107 1955 Beriti\u0107 1955Luk\u0161a Beriti\u0107, Utvr\u0111enja grada Dubrovnika, Zagreb: JAZU, 1955 [drugo izdanje \/ second [&hellip;]<\/p>\n","protected":false},"author":2,"featured_media":0,"parent":62,"menu_order":0,"comment_status":"closed","ping_status":"closed","template":"","meta":{"_monsterinsights_skip_tracking":false,"_monsterinsights_sitenote_active":false,"_monsterinsights_sitenote_note":"","_monsterinsights_sitenote_category":0,"footnotes":""},"class_list":["post-3402","page","type-page","status-publish","hentry"],"_links":{"self":[{"href":"https:\/\/ducac.ipu.hr\/project\/wp-json\/wp\/v2\/pages\/3402","targetHints":{"allow":["GET"]}}],"collection":[{"href":"https:\/\/ducac.ipu.hr\/project\/wp-json\/wp\/v2\/pages"}],"about":[{"href":"https:\/\/ducac.ipu.hr\/project\/wp-json\/wp\/v2\/types\/page"}],"author":[{"embeddable":true,"href":"https:\/\/ducac.ipu.hr\/project\/wp-json\/wp\/v2\/users\/2"}],"replies":[{"embeddable":true,"href":"https:\/\/ducac.ipu.hr\/project\/wp-json\/wp\/v2\/comments?post=3402"}],"version-history":[{"count":17,"href":"https:\/\/ducac.ipu.hr\/project\/wp-json\/wp\/v2\/pages\/3402\/revisions"}],"predecessor-version":[{"id":6231,"href":"https:\/\/ducac.ipu.hr\/project\/wp-json\/wp\/v2\/pages\/3402\/revisions\/6231"}],"up":[{"embeddable":true,"href":"https:\/\/ducac.ipu.hr\/project\/wp-json\/wp\/v2\/pages\/62"}],"wp:attachment":[{"href":"https:\/\/ducac.ipu.hr\/project\/wp-json\/wp\/v2\/media?parent=3402"}],"curies":[{"name":"wp","href":"https:\/\/api.w.org\/{rel}","templated":true}]}}